2*u + 1. Let w be 49/(-1) + 96/32. Suppose k + 8 = 52. Let t = k + w. Give m(t).
-7
Let f = 512 + -276. Let n = -240 + f. Let q(x) = x**2 + 6*x + 1. Calculate q(n).
-7
Let s = 24 - 19. Suppose -s*o + 180 = 5*u - 0*o, -2*o + 108 = 3*u. Let x = u - 35. Let j(c) = 8*c + 1. Give j(x).
9
Let j(h) = 2*h**2 + 22*h + 46. Let k(n) = -n**2 + 44*n + 1812. Let z be k(-26). Give j(z).
-2
Let q be (8 - 3) + 1 - 1. Let y(w) be the first derivative of -7*w**2/2 - w + 50. Calculate y(q).
-36
Let f(q) be the third derivative of -q**5/60 - 7*q**4/24 - 3*q**3/2 - 694*q**2. Determine f(-3).
3
Let x(f) = -14*f**3 + 4 + 12*f**2 - f - 14*f**2 - 4*f**3 - 4*f**3 + 21*f**3. Let k = -5 + 1. What is x(k)?
40
Let j(n) = -4*n**3 - 2 + 3*n**3 - 42245*n**2 + 42210*n**2 - 67 + 72*n. What is j(-37)?
5
Let t = -73 - -96. Let s(v) = -v**3 + 22*v**2 + 19*v + 86. Let c be s(t). Let r(f) = f**3 + 6*f**2 + f + 3. What is r(c)?
-3
Let u(d) = -4*d - 1. Let m be u(-3). Suppose 158*p = 139*p + 38. Let w(f) = -9 + m - 9 - p*f + f. Calculate w(-8).
1
Let j(o) = -19*o**2 + 3*o - 1. Let z(a) = a**2 - 1. Let x(m) = -j(m) - 2*z(m). Calculate x(1).
17
Let u(j) = -8*j - 20. Let p = -3087 - -3086. What is u(p)?
-12
Let k(z) = z**2 - 20*z - 96. Let q = -2193 + 2217. What is k(q)?
0
Let o(d) = -d**3 + 13*d**2 - 2*d + 29. Let f(j) = j**3 - 59*j**2 + 267*j + 175. Let r be f(54). Determine o(r).
3
Let z(x) = -x**3 - 8*x**2 - 10*x - 10. Let i be 17/2 + (-11)/(-22). Let k(m) = m**2 - 13*m + 12. Let y be k(i). Let w be (28/(-6))/((-16)/y). Calculate z(w).
11
Let p(b) = -17*b + 3. Let f(l) = -107*l - 115. Let j(m) = -f(m) + 6*p(m). Give j(-25).
8
Let h(a) be the second derivative of -a**8/6720 - a**7/180 - a**6/60 + a**5/24 - 199*a**4/12 + a + 1. Let p(x) be the third derivative of h(x). What is p(-13)?
-8
Suppose 9*l = 21 - 3. Let w(q) = -q + 3 - q + 0*q - 7 + q**l. Let a(o) = o**3 - 4*o**2 - 5*o + 4. Let g be a(5). Determine w(g).
4
Suppose -2*h = 2*y - 16, -77*y + 21 = -74*y. Let u(p) = -18*p + 10. Calculate u(h).
-8
Let s(p) = -p + 1. Let w(h) = 65*h - 41*h - 30*h + 24. Let d(m) = 5*s(m) - w(m). Let c be ((-1)/2)/(3/(-78)). Give d(c).
-6
Let l(m) be the first derivative of -5*m**2 + m - 35. Suppose -6*s + 19 - 25 = 0. Calculate l(s).
11
Let r(p) = -3*p + 1 + 2*p + 1. Let q = 207 - 181. Suppose 35*d = 22*d + q. Calculate r(d).
0
Let k(r) = -10*r + 112. Let i(d) = -d**3 + 58*d**2 - 39*d - 1015. Let j be i(57). Give k(j).
2
Suppose -9 = -8*j + 7. Let u(k) = k**3 - 38*k**2 - 36 + 24*k**j + 2*k + 16. What is u(14)?
8
Let j(u) = u**3 + 12*u**2 - 2*u - 17. Suppose -5*c = y + 4*y - 295, -5*c = -4*y - 286. Suppose 168 = 44*b - c*b. Give j(b).
7
Let j(q) = -72*q**2 - 6 + 2*q + 229*q**2 - 8*q - 73*q**2 - 83*q**2. Suppose -3*g - 3 = -4*p - 9, -p - 9 = -2*g. What is j(g)?
-6
Suppose -b + 37 = b - 3*z, -15 = -5*z. Suppose b*w - 2*w = 126. Let k(m) = -2*m**2 + 7 - 9*m + 5*m**2 - 2*m**2. Give k(w).
-11
Suppose -5*o = -2*f + 6*f - 16, -3*o = f - 4. Suppose o = -596*h + 591*h - 60. Let k(p) = p + 5. Give k(h).
-7
Suppose x - 29 = 5. Suppose 0 = x*a - 31*a. Let p(r) = 11*r - 2*r + 2*r**2 - 3*r**2 + a*r**2. Determine p(9).
0
Suppose -5*y + 9*y = 36. Let n(d) = -5 + 2*d + 23 + y - 3 + 4. Determine n(-11).
6
Let k = 4 - -1. Suppose -440 = -0*s - k*s. Suppose -87*b = -s*b + 3. Let g(f) = 3*f - 3. Give g(b).
6
Let w(s) = -s**2 + 3*s + 5. Suppose 68 = -5*k - 6*d + 2*d, 2*d + 4 = 0. Let y be 26/104 - 45/k. Give w(y).
1
Suppose -15*p + 133 = -512. Let x(r) = -9*r + 383. Calculate x(p).
-4
Let r(y) = -y**3 + 5*y**2 + 6*y + 5. Let l = 378 + -369. Let h be ((-63)/(-14))/(l/(-12))*-1. What is r(h)?
5
Let z(q) = -q**3 + 6*q**2 - 33*q + 191. Let a be (-11)/(-2)*(-1392)/(-1276). Calculate z(a).
-7
Let u(w) = 2 + 5*w**2 - 5 + w**3 - 3*w + 0 + w. Let j = -71 + 101. Suppose 2*m = 5*g - j, 2*m + 12 = 3*g - 10. Give u(m).
7
Let z(w) be the first derivative of w**3/3 - 17*w**2/2 - 48*w - 765. Give z(19).
-10
Let t(b) = b**2 - 9*b + 3. Let l = -352 + 191. Let a = -233 - l. Let o = 78 + a. Determine t(o).
-15
Let d(p) = 2*p**2 - 22*p + 13. Let i be ((-1)/(-3))/(6/(2574/2587) - 6). Calculate d(i).
13
Let y = 936 + -932. Let f(g) = -g**3 + 3*g**2 + 3*g + 1. What is f(y)?
-3
Let u be (6/(-4) + 3/3)*-10. Suppose 3*h = 8*h + 5, -5*h - u = -2*w. Let n(q) = w*q + 3*q - 2 - q**2 - 2 + 4*q. What is n(4)?
8
Let n(z) = -21*z**2 - 461*z - 3. Let i(b) = -10*b**2 - 182*b - 1. Let v(p) = -5*i(p) + 2*n(p). Give v(4).
79
Let x(b) = b**2 + 2*b - 1. Let z(m) = 4*m**2 + 17*m - 4. Suppose k + 1 = 0, -3*f - 4*k - 2 = k. Let n(d) = f*z(d) - 5*x(d). Give n(7).
1
Let r(o) = -2*o + 7. Let a(c) = c - 3. Let j(q) = -7*a(q) - 4*r(q). Let l(m) = 10*m**2 + 2*m. Let u be l(-4). Let z = -144 + u. Calculate j(z).
1
Let s(k) = -2*k**3 - 15*k**2 - 10*k - 7. Let a(w) = w**3 + 8*w**2 + 5*w + 4. Let x(q) = 5*a(q) + 3*s(q). Determine x(-5).
24
Suppose -5*s + 64 = 4. Suppose -5*z + 8*z = s. Suppose -z*l + 5*l = -6. Let k(f) = -f**3 - 5*f**2 + 5*f + 1. Give k(l).
7
Let b(j) = j**2 - 4*j + 2. Let p(w) = -w + 4. Let f be p(0). Suppose 0 = -3*x - f + 1. Let g be 2*x*(-42)/28. Determine b(g).
-1
Let l = 29 - 22. Let c(u) = u**2 + 10*u + 5. Let z(r) = -r**2 - 9*r - 5. Let a(v) = l*z(v) + 6*c(v). Determine a(-4).
-9
Suppose 10 = -11*f + 32. Let x(z) = f + 507*z - 507*z + 13*z**2 - 3. Let g(p) = -p**2 + 7*p - 11. Let b be g(5). What is x(b)?
12
Let m(v) = 26726*v - 3*v**2 + 39 - 26661*v + 53. Determine m(23).
0
Let v be 302/(-12) + 1078/(-588). Let n(a) = a**2 + 29*a + 68. Determine n(v).
14
Let h(c) = -9*c + 15. Let n(f) = 6*f - 10. Let v(t) = 5*h(t) + 7*n(t). Let i be 16/12*(-1 + 21/(-6)). Give v(i).
23
Let w(o) = 6*o**2 - o - 2. Let f = 1660 + -1661. Give w(f).
5
Let p(n) = -3*n**3 + 22*n**2 + 27*n + 12. Let u(l) = l**3 - 11*l**2 - 13*l - 6. Let m(d) = 2*p(d) + 5*u(d). Let v = -42883 + 42873. What is m(v)?
4
Let b(h) be the first derivative of 1 + 3*h - 1/2*h**2 + 3/2*h**3. Let o(t) be the first derivative of b(t). Determine o(1).
8
Let h(d) be the second derivative of 2*d**2 - 1/20*d**5 - 1/6*d**3 + 0 + 1/3*d**4 + 18*d. Let t(v) = -3*v - 12. Let p be t(-5). Determine h(p).
10
Suppose 16*h - 40 = 8. Let u(g) = 216 - 102 - h*g - g - 108. Determine u(4).
-10
Suppose 44*d + 26*d - 118 = 11*d. Let p(i) be the second derivative of 4*i**d - 1/3*i**3 + 0 + 1/20*i**5 + 5/12*i**4 + 15*i. What is p(-6)?
-16
Let t(w) be the second derivative of 1/3*w**3 - 2 - 16*w + 3/2*w**2 - 1/12*w**4. Let h = -7 + 5. What is t(h)?
-5
Suppose -5*s + 4 = y - 12, y - 4 = -2*s. Suppose 4*g = -j - 10, 0*g + 5*g + 25 = 5*j. Let h(m) = -4*m + 0 - 11 - 2*m**j + 16. Give h(y).
-11
Let s = 380 + -365. Let h(f) = 36*f + 41*f + s - 74*f. Calculate h(-7).
-6
Let i(n) = 101574*n**3 - n - 15*n**2 - 101573*n**3 + 3 + 29. What is i(15)?
17
Suppose -10*r + 12*r - 4 = 0. Let y(v) = -3505*v**r + 5 - 2*v**3 + 3509*v**2 + 4*v + v**3. Calculate y(5).
0
Let b(m) be the second derivative of -6*m + 7/2*m**2 - 1/12*m**4 - 4/3*m**3 + 0. Let i = -1798 - -1790. Calculate b(i).
7
Let i(x) = 6*x**3 - 2*x**2 - 2*x + 4. Let u(g) = g**3 - 91*g**2 + 175*g + 268. Let h be u(89). Calculate i(h).
6
Let m(a) = 10*a + 16. Let c be (-7 - (5 - 9)) + -1. Give m(c).
-24
Let i(m) = m**2 + 7*m - 7. Suppose -1 + 2 = 40*d + 321. Determine i(d).
1
Let x(k) = -215008*k - 6*k**2 + 215010*k + 9*k**2 + 2*k**3. What is x(-2)?
-8
Let y(d) = 1275*d + 1270*d - 2547*d + 45. Give y(22).
1
Let b(p) = 7*p - 75. Let g be 28 - ((-6)/(-9))/(14/105). Give b(g).
86
Let w(n) = -4*n + 15. Suppose -110*i = -139 - 851. Give w(i).
-21
Let j(v) = v**3 + 42*v**2 + 38*v - 108. Let b be (-120)/(-150)*(-2460)/48. Give j(b).
15
Let p be (-6)/15*-2 - (-1124)/20. Suppose -p*c + 52*c = 0. Let n be 1 + -1 + 1 - (c + -3). Let m(o) = o**2 - 6*o + 3. What is m(n)?
-5
Let t(s) = 5*s + 2. Let p(i) = i**3 - i**2 + 2. Let b be p(-1). Suppose -3*n = -v - 2, b = -7*n + 3*n - 3*v + 20. Calculate t(n).
12
Let a = -1 - -3. Suppose 3*b - 3*x + 9 = 0, 4*x = -0*b + 3*b + 13. Let o(m) = -8*m - b + 5 - m**a + 0 + 0*m**2. Calculate o(-6).
16
Let q(m) = 6*m + 7. Let a = -2466 + 2459. Determine q(a).
-35
Let m(a) = -a**2 - 11*a - 14. Let z = -3151 - -3145. What is m(z)?
16
Suppose 0 = 12*d + 1011 - 7047. Let m = d + -506. Let n(r) be the third derivative of r**4/8 + r**3/3 + r**2. Calculate n(m).
-7
Let v(a